4713?
True
Is 90987510 a multiple of 1137?
False
Is 2392 a factor of 227539000?
True
Is 7423514 a multiple of 13?
False
Is 15753535 a multiple of 220?
False
Is 6 a factor of 60112729?
False
Is 30 a factor of 1162323270?
True
Does 280 divide 513954742?
False
Is 13 a factor of 95055220?
True
Does 44 divide 155067016?
False
Does 21 divide 14264880?
True
Is 1242 a factor of 7664382?
True
Is 17 a factor of 64301378?
True
Does 6998 divide 3794581524?
True
Is 397144393 a multiple of 95?
False
Is 2843396270 a multiple of 715?
True
Is 141371086 a multiple of 20?
False
Does 18 divide 159923884?
False
Is 307900098 a multiple of 198?
True
Is 67057024 a multiple of 128?
True
Is 10 a factor of 160889356?
False
Is 1507131155 a multiple of 8794?
False
Does 56 divide 7110589?
False
Is 160454680 a multiple of 1838?
False
Does 358 divide 403100124?
True
Is 43100517 a multiple of 21?
False
Is 34755480 a multiple of 2524?
True
Is 60 a factor of 7402673?
False
Is 235952390 a multiple of 594?
False
Is 84191058 a multiple of 777?
True
Is 660 a factor of 87792898?
False
Is 53107589 a multiple of 21?
False
Is 26 a factor of 897242856?
False
Is 315380300 a multiple of 25?
True
Does 1154 divide 60227260?
True
Is 59 a factor of 18950267?
False
Is 72 a factor of 9767321?
False
Is 2019 a factor of 14342976?
True
Is 108892897 a multiple of 519?
False
Is 531329217 a multiple of 2031?
False
Is 19 a factor of 149376614?
False
Is 474672676 a multiple of 118?
False
Does 35 divide 16917685?
False
Is 34355888 a multiple of 9?
False
Is 120 a factor of 946772520?
True
Is 30863575 a multiple of 26?
False
Is 34608330 a multiple of 69?
True
Is 51 a factor of 42911808?
True
Is 89337 a multiple of 2?
False
Is 362104911 a multiple of 19?
False
Is 3310254 a multiple of 118?
True
Is 2193 a factor of 714902649?
True
Does 601 divide 1060881594?
True
Does 9 divide 1350722?
False
Is 5 a factor of 1372550?
True
Does 188 divide 230028528?
True
Does 2 divide 388374235?
False
Does 55 divide 3838028105?
False
Is 669 a factor of 20876962?
False
Is 391020891 a multiple of 87?
True
Is 1107 a factor of 4664898?
True
Does 15 divide 14150004?
False
Does 28 divide 311385020?
False
Is 37632400 a multiple of 13?
True
Does 403 divide 238357919?
False
Is 912145728 a multiple of 32?
True
Does 7 divide 243517161?
False
Is 1052909744 a multiple of 19?
False
Does 43 divide 101873407?
True
Does 15 divide 132576376?
False
Is 2817940480 a multiple of 16?
True
Is 43 a factor of 1464688704?
True
Does 38 divide 134054538?
True
Is 290 a factor of 26168150?
True
Does 315 divide 703191195?
True
Is 8 a factor of 499133029?
False
Is 7 a factor of 2313339?
True
Is 24 a factor of 47755044?
False
Does 231 divide 600222?
False
Is 16 a factor of 498026640?
True
Is 11 a factor of 75326277?
False
Does 1936 divide 724007856?
True
Is 153651384 a multiple of 1864?
True
Does 95 divide 111950122?
False
Does 145 divide 235589765?
True
Is 159 a factor of 468967347?
False
Is 36814925 a multiple of 13?
False
Is 4 a factor of 124503967?
False
Does 91 divide 26183010?
False
Is 447011480 a multiple of 152?
True
Is 54476174 a multiple of 5?
False
Is 182808701 a multiple of 17?
True
Is 389988706 a multiple of 14?
False
Does 27 divide 53385631?
False
Does 585 divide 257916655?
False
Is 33 a factor of 22932963?
False
Is 15144272 a multiple of 686?
False
Does 188 divide 961389941?
False
Does 54 divide 50990148?
True
Does 12 divide 7471380?
True
Is 62814687 a multiple of 13?
True
Does 90 divide 140342056?
False
Does 2583 divide 268451190?
True
Is 10 a factor of 274552480?
True
Is 33745000 a multiple of 986?
False
Does 11 divide 5222888?
True
Is 28 a factor of 111648202?
False
Is 13630036 a multiple of 28?
True
Is 881 a factor of 136637814?
True
Is 646619575 a multiple of 35?
True
Is 5590905 a multiple of 15?
True
Does 427 divide 102240880?
True
Does 7 divide 919072?
True
Does 410 divide 3122861255?
False
Is 7 a factor of 30050454?
True
Is 141348936 a multiple of 1316?
False
Does 416 divide 91807456?
True
Does 1202 divide 28412876?
True
Does 5 divide 755607970?
True
Does 12 divide 48351648?
True
Is 25 a factor of 122817512?
False
Is 8682118 a multiple of 69?
False
Does 325 divide 3252078700?
True
Is 969 a factor of 19043757?
True
Is 322 a factor of 1360073965?
False
Is 480 a factor of 38661120?
True
Is 3311 a factor of 74629584?
False
Is 9 a factor of 142237333?
False
Is 1592 a factor of 1758793245?
False
Is 2592 a factor of 18458166?
False
Does 7 divide 126085168?
False
Is 21973146 a multiple of 1241?
True
Is 28110894 a multiple of 24?
False
Does 48 divide 14382446?
False
Is 288 a factor of 106274857?
False
Is 702883349 a multiple of 3302?
False
Is 1654 a factor of 42553834?
False
Is 44550882 a multiple of 287?
False
Is 24029961 a multiple of 7?
False
Does 15 divide 2159704251?
False
Is 102963334 a multiple of 239?
False
Is 212 a factor of 112640?
False
Does 104 divide 18960756?
False
Does 2134 divide 501054664?
True
Does 67 divide 654036580?
True
Is 2231109608 a multiple of 163?
False
Is 20548564 a multiple of 245?
False
Is 45775938 a multiple of 13?
True
Does 777 divide 171836658?
True
Is 4195 a factor of 1864627160?
True
Is 32734618 a multiple of 1277?
True
Is 230 a factor of 4471958?
False
Does 91 divide 52412542?
True
Is 14 a factor of 48774558?
True
Does 1497 divide 16465145?
False
Does 66 divide 56819054?
False
Is 134 a factor of 19942207?
False
Is 26945774 a multiple of 1488?
False
Is 30 a factor of 37565463?
False
Is 230988668 a multiple of 7?
False
Is 82859343 a multiple of 71?
True
Is 1800530304 a multiple of 298?
True
Does 37 divide 19033910?
True
Is 458463495 a multiple of 93?
True
Is 2 a factor of 6473802?
True
Is 3 a factor of 107063426?
False
Is 15 a factor of 923983464?
False
Does 3 divide 16991662?
False
Does 316 divide 619751208?
True
Does 632 divide 43170656?
True
Is 82023721 a multiple of 21?
False
Does 23 divide 9846621?
False
Does 65 divide 699185995?
False
Does 1031 divide 68435718?
True
Is 351257868 a multiple of 3653?
True
Does 14 divide 6696662?
True
Is 1523670 a multiple of 5?
True
Is 252838081 a multiple of 33?
False
Is 4 a factor of 34289847?
False
Does 21 divide 113273350?
False
Is 45 a factor of 116528670?
True
Does 348 divide 25057388?
False
Is 45535308 a multiple of 637?
True
Does 14 divide 82178726?
True
Is 633576558 a multiple of 108?
False
Does 3701 divide 391745484?
False
Does 49 divide 3436647291?
True
Is 2879546014 a multiple of 2179?
False
Is 46447588 a multiple of 20?
False
Is 367 a factor of 51918756?
True
Is 91634865 a multiple of 334?
False
Is 561 a factor of 460049894?
False
Does 77 divide 123796134?
True
Does 11 divide 3400862?
False
Does 714 divide 25417107?
False
Does 315 divide 5330745?
True
Is 68460440 a multiple of 37?
False
Is 3854188596 a multiple of 2454?
True
Is 1891246 a multiple of 73?
False
Is 50136754 a multiple of 30?
False
Does 16 divide 189749?
False
Is 28023840 a multiple of 2994?
True
Is 62 a factor of 14688130?
False
Is 16529110 a multiple of 689?
True
Is 102 a factor of 403697199?
False
Is 17 a factor of 1318857943?
True
Is 41 a factor of 18581487?
True
Does 6634 divide 293658116?
False
Is 11509065 a multiple of 45?
True
Is 31244635 a multiple of 4?
False
Is 2180 a factor of 195475270?
False
Is 2438963318 a multiple of 89?
False
Is 4520340 a multiple of 2970?
True
Is 551920032 a multiple of 496?
True
Does 63 divide 50686035?
False
Is 1907 a factor of 999639865?
True
Is 21911129 a multiple of 1069?
False
Does 12 divide 2024400496?
False
Is 167147700 a multiple of 62?
False
Is 41886600 a multiple of 20?
True
Is 3177232 a multiple of 8?
True
Is 928836084 a multiple of 44?
True
Is 7179317 a multiple of 177?
False
Is 413 a factor of 116458153?
True
Is 102 a factor of 4485069948?
True
Is 453 a factor of 33952302?
False
Is 11251224 a multiple of 907?
False
Is 57745708 a multiple of 4?
True
Does 2 divide 107039803?
False
Is 98484012 a multiple of 4077?
True
Is 4100 a factor of 947317300?
True
Is 349595 a multiple of 145?
True
Is 27109399 a multiple of 1004?
False
Is 34808444 a multiple of 803?
True
Is 352 a factor of 267716448?
False
Does 1329 divide 263100801?
True
Does 2835 divide 628088111?
False
Does 547 divide 13135185?
False
Is 3712 a factor of 969526473?
False
Is 57 a factor of 51